{"version":"1.0","provider_name":"Action Project","provider_url":"https:\/\/www.actionproject.es\/en_gb","title":"\u00bfY si el miedo se convirtiera en una oportunidad? - Action Project","type":"rich","width":600,"height":338,"html":"<blockquote class=\"wp-embedded-content\" data-secret=\"UMWjAESKLh\"><a href=\"https:\/\/www.actionproject.es\/en_gb\/blog\/miedo-convirtiera-oportunidad\/\">\u00bfY si el miedo se convirtiera en una oportunidad?<\/a><\/blockquote><iframe sandbox=\"allow-scripts\" security=\"restricted\" src=\"https:\/\/www.actionproject.es\/en_gb\/blog\/miedo-convirtiera-oportunidad\/embed\/#?secret=UMWjAESKLh\" width=\"600\" height=\"338\" title=\"&#8220;\u00bfY si el miedo se convirtiera en una oportunidad?&#8221; &#8212; Action Project\" data-secret=\"UMWjAESKLh\" frameborder=\"0\" marginwidth=\"0\" marginheight=\"0\" scrolling=\"no\" class=\"wp-embedded-content\"><\/iframe><script>\n\/*! This file is auto-generated *\/\n!function(d,l){\"use strict\";l.querySelector&&d.addEventListener&&\"undefined\"!=typeof URL&&(d.wp=d.wp||{},d.wp.receiveEmbedMessage||(d.wp.receiveEmbedMessage=function(e){var t=e.data;if((t||t.secret||t.message||t.value)&&!\/[^a-zA-Z0-9]\/.test(t.secret)){for(var s,r,n,a=l.querySelectorAll('iframe[data-secret=\"'+t.secret+'\"]'),o=l.querySelectorAll('blockquote[data-secret=\"'+t.secret+'\"]'),c=new RegExp(\"^https?:$\",\"i\"),i=0;i<o.length;i++)o[i].style.display=\"none\";for(i=0;i<a.length;i++)s=a[i],e.source===s.contentWindow&&(s.removeAttribute(\"style\"),\"height\"===t.message?(1e3<(r=parseInt(t.value,10))?r=1e3:~~r<200&&(r=200),s.height=r):\"link\"===t.message&&(r=new URL(s.getAttribute(\"src\")),n=new URL(t.value),c.test(n.protocol))&&n.host===r.host&&l.activeElement===s&&(d.top.location.href=t.value))}},d.addEventListener(\"message\",d.wp.receiveEmbedMessage,!1),l.addEventListener(\"DOMContentLoaded\",function(){for(var e,t,s=l.querySelectorAll(\"iframe.wp-embedded-content\"),r=0;r<s.length;r++)(t=(e=s[r]).getAttribute(\"data-secret\"))||(t=Math.random().toString(36).substring(2,12),e.src+=\"#?secret=\"+t,e.setAttribute(\"data-secret\",t)),e.contentWindow.postMessage({message:\"ready\",secret:t},\"*\")},!1)))}(window,document);\n\/\/# sourceURL=https:\/\/www.actionproject.es\/wp-includes\/js\/wp-embed.min.js\n<\/script>","thumbnail_url":"https:\/\/www.actionproject.es\/wp-content\/uploads\/2025\/07\/miedo-oportunidades-crecimiento-profesional.jpg","thumbnail_width":1200,"thumbnail_height":800,"description":"A la hora de hacer negocios, como en la vida, nos enfrentamos a abismos ante los que aparecen los temidos miedos. \u00bfSabes c\u00f3mo extraer un aprendizaje de ellos? Este es el punto de partida de Salto al vac\u00edo, un libro para reflexionar acerca de los bloqueos, los abismos y los miedos que podemos sentir en el \u00e1mbito laboral, acad\u00e9mico o personal. Su autor, Alfonso Gonz\u00e1lez de Vald\u00e9s Correa, nos tiene preparado un recorrido de trece relatos para reflexionar, autoconocernos y repensar nuestra relaci\u00f3n con nuestros miedos. Como especialistas en consultor\u00eda de empresas, esta lectura nos parece interesant\u00edsima para mejorar nuestra inteligencia emocional y la manera en la que hacemos negocios. \u00a0 A continuaci\u00f3n, te dejamos directamente con una breve reflexi\u00f3n que hace del libro su propio autor: \u00a0 En ocasiones la vida dispone espacios creados para darle un cambio de sentido a lo que hacemos, a lo que sentimos, a lo que pensamos. Suelen venir revestidos de un gran misterio hacia al cual parece que nos abocamos irremediablemente. Nos acercamos a un abismo, interior o exterior, y en su \u00faltimo tramo, es cuando aparece el miedo. Si juzgas tus miedos, est\u00e1s perdido y tal vez perdiendo una oportunidad que podr\u00eda ser fundamental. \u00bfQu\u00e9 hacer entonces? Hay una fuerza que me atrae y otra que me invita a salir corriendo de all\u00ed. \u00bfLo afronto con valor o eludo la situaci\u00f3n con prudencia? \u00bfCamino o retrocedo? Si cierro los ojos, quiz\u00e1s desaparezca, pero quiz\u00e1s no, porque a veces la vida va a insistir y cada vez lo har\u00e1 de un modo m\u00e1s intenso, anim\u00e1ndome a adentrarme en el fondo m\u00e1s oscuro de mis deseos. El libro Salto al vac\u00edo explora en trece relatos esta forma o ley universal. Estas historias se entrelazan de forma sutil para formar un todo que pretende conmover en esta direcci\u00f3n, para disfrutar, para nutrirse, para recordar y tal vez para revalorar sus propios saltos al vac\u00edo. \u00a0 Alfonso Gonz\u00e1lez de Vald\u00e9s CorreaPsic\u00f3logo y psicoterapeutaPresidente de la Asociaci\u00f3n Pontewww.alfonsogonzalezdevaldes.es"}

A la hora de hacer negocios, como en la vida, nos enfrentamos a abismos ante los que aparecen los temidos miedos. ¿Sabes cómo extraer un aprendizaje de ellos? Este es el punto de partida de Salto al vacío, un libro para reflexionar acerca de los bloqueos, los abismos y los miedos que podemos sentir en el ámbito laboral, académico o personal. Su autor, Alfonso González de Valdés Correa, nos tiene preparado un recorrido de trece relatos para reflexionar, autoconocernos y repensar nuestra relación con nuestros miedos. Como especialistas en consultoría de empresas, esta lectura nos parece interesantísima para mejorar nuestra inteligencia emocional y la manera en la que hacemos negocios.   A continuación, te dejamos directamente con una breve reflexión que hace del libro su propio autor:   En ocasiones la vida dispone espacios creados para darle un cambio de sentido a lo que hacemos, a lo que sentimos, a lo que pensamos. Suelen venir revestidos de un gran misterio hacia al cual parece que nos abocamos irremediablemente. Nos acercamos a un abismo, interior o exterior, y en su último tramo, es cuando aparece el miedo. Si juzgas tus miedos, estás perdido y tal vez perdiendo una oportunidad que podría ser fundamental. ¿Qué hacer entonces? Hay una fuerza que me atrae y otra que me invita a salir corriendo de allí. ¿Lo afronto con valor o eludo la situación con prudencia? ¿Camino o retrocedo? Si cierro los ojos, quizás desaparezca, pero quizás no, porque a veces la vida va a insistir y cada vez lo hará de un modo más intenso, animándome a adentrarme en el fondo más oscuro de mis deseos. El libro Salto al vacío explora en trece relatos esta forma o ley universal. Estas historias se entrelazan de forma sutil para formar un todo que pretende conmover en esta dirección, para disfrutar, para nutrirse, para recordar y tal vez para revalorar sus propios saltos al vacío.   Alfonso González de Valdés CorreaPsicólogo y psicoterapeutaPresidente de la Asociación Pontewww.alfonsogonzalezdevaldes.es
